ided by 98.
11
What is the remainder when 3872277 is divided by 345?
342
Calculate the remainder when 41343 is divided by 13684.
291
Calculate the remainder when 11074995 is divided by 1676.
1663
Calculate the remainder when 4640874 is divided by 145.
4
What is the remainder when 1449083 is divided by 4378?
4343
What is the remainder when 402078 is divided by 50?
28
What is the remainder when 36324 is divided by 35937?
387
What is the remainder when 498449283 is divided by 1951?
1950
Calculate the remainder when 43665 is divided by 41929.
1736
Calculate the remainder when 269358 is divided by 2090.
1838
What is the remainder when 4075373 is divided by 291096?
29
Calculate the remainder when 1684746 is divided by 842373.
0
What is the remainder when 3743445 is divided by 2884?
13
What is the remainder when 12185633 is divided by 788?
1
What is the remainder when 2553357 is divided by 154?
37
Calculate the remainder when 118833371 is divided by 41.
37
Calculate the remainder when 4051700 is divided by 323.
311
What is the remainder when 308404448 is divided by 6433?
6428
What is the remainder when 706567 is divided by 429?
4
Calculate the remainder when 84202 is divided by 83245.
957
What is the remainder when 97113 is divided by 2229?
1266
Calculate the remainder when 4780420 is divided by 67.
37
Calculate the remainder when 145077 is divided by 46117.
6726
What is the remainder when 26415 is divided by 12905?
605
What is the remainder when 250060 is divided by 1516?
1436
Calculate the remainder when 25545 is divided by 10959.
3627
Calculate the remainder when 525222 is divided by 843.
33
What is the remainder when 77908567 is divided by 2703?
2701
What is the remainder when 547963 is divided by 4646?
4381
Calculate the remainder when 18417191 is divided by 1416706.
13
Calculate the remainder when 52116 is divided by 2113.
1404
What is the remainder when 9162188 is divided by 54?
8
What is the remainder when 12285 is divided by 1066?
559
Calculate the remainder when 52210 is divided by 7457.
11
Calculate the remainder when 362298 is divided by 1224.
1218
Calculate the remainder when 136566016 is divided by 84248.
8
What is the remainder when 69999546 is divided by 155?
151
What is the remainder when 70345339 is divided by 52?
51
Calculate the remainder when 18129814 is divided by 9.
7
What is the remainder when 720454 is divided by 240151?
1
What is the remainder when 57021045 is divided by 80?
5
What is the remainder when 54327 is divided by 2086?
91
Calculate the remainder when 285391 is divided by 348.
31
Calculate the remainder when 57404 is divided by 9495.
434
Calculate the remainder when 419667 is divided by 83896.
187
What is the remainder when 408295 is divided by 25510?
135
Calculate the remainder when 157388 is divided by 6409.
3572
What is the remainder when 57869558 is divided by 75?
8
Calculate the remainder when 377444 is divided by 1171.
382
What is the remainder when 6699083 is divided by 82?
11
Calculate the remainder when 108524 is divided by 107994.
530
Calculate the remainder when 105043 is divided by 20311.
3488
Calculate the remainder when 177101047 is divided by 214.
211
Calculate the remainder when 419015 is divided by 87.
23
What is the remainder when 2154157 is divided by 937?
931
What is the remainder when 348872353 is divided by 82?
73
Calculate the remainder when 18902374 is divided by 265.
189
What is the remainder when 42727800 is divided by 99?
93
What is the remainder when 2850199 is divided by 165?
154
Calculate the remainder when 1556853 is divided by 241.
234
Calculate the remainder when 300341 is divided by 75042.
173
What is the remainder when 3228051 is divided by 882?
813
Calculate the remainder when 2291676 is divided by 830.
46
Calculate the remainder when 138064 is divided by 970.
324
What is the remainder when 1806123 is divided by 17707?
9
Calculate the remainder when 341229 is divided by 42445.
1669
What is the remainder when 3083198 is divided by 181357?
129
What is the remainder when 29251 is divided by 7168?
579
What is the remainder when 1033504 is divided by 625?
379
Calculate the remainder when 651430751 is divided by 476.
475
What is the remainder when 35889 is divided by 35770?
119
Calculate the remainder when 396738 is divided by 132240.
18
Calculate the remainder when 278938 is divided by 1876.
1290
Calculate the remainder when 236476964 is divided by 1697.
14
Calculate the remainder when 35943887 is divided by 65.
57
Calculate the remainder when 444897222 is divided by 6212.
6206
What is the remainder when 933087 is divided by 66645?
57
What is the remainder when 77965 is divided by 1586?
251
Calculate the remainder when 297414715 is divided by 31.
2
What is the remainder when 28148 is divided by 1912?
1380
What is the remainder when 7908933 is divided by 247154?
5
What is the remainder when 216896397 is divided by 200?
197
What is the remainder when 6204470 is divided by 1218?
1196
What is the remainder when 696815 is divided by 24?
23
Calculate the remainder when 540491 is divided by 7318.
6277
What is the remainder when 5926649 is divided by 2963307?
35
Calculate the remainder when 1633852 is divided by 5138.
5106
Calculate the remainder when 120344 is divided by 1179.
86
Calculate the remainder when 13683047 is divided by 181.
171
What is the remainder when 941312 is divided by 1446?
1412
What is the remainder when 3814130 is divided by 85?
10
What is the remainder when 1247944 is divided by 124792?
24
What is the remainder when 229612 is divided by 611?
487
Calculate the remainder when 26139515 is divided by 57.
56
What is the remainder when 3082629 is divided by 311?
308
What is the remainder when 3373578 is divided by 1686772?
34
What is the remainder when 502557 is divided by 395?
117
What is the remainder when 133593 is divided by 7251?
3075
What is the remainder when 1329974 is divided by 1534?
1530
Calculate the remainder when 15492933 is divided by 1408448.
5
Calculate the remainder when 56313 is divided by 18688.
249
What is the remainder when 2249961 is divided by 1124976?
9
Calculate the remainder when 93903344 is divided by 150970.
4
Calculate the remainder when 4711669 is divided by 233.
176
Calculate the remainder when 3030790 is divided by 84184.
166
What is the remainder when 674033 is divided by 274?
267
What is the remainder when 615793 is divided by 2012?
121
Calculate the remainder when 36536712 is divided by 2547.
2544
Calculate the remainder when 12642672 is divided by 243128.
16
Calculate the remainder when 590795 is divided by 15129.
764
What is the remainder when 135313 is divided by 1594?
1417
Calculate the remainder when 80110708 is divided by 15.
13
What is the remainder when 9001775 is divided by 9426?
9371
Calculate the remainder when 22200 is divided by 5477.
292
Calculate the remainder when 5824126 is divided by 297.
253
What is the remainder when 838051 is divided by 5205?
46
Calculate the remainder when 276321800 is divided by 422.
420
What is the remainder when 6624919 is divided by 2208279?
82
What is the remainder when 246655 is divided by 81810?
1225
What is the remainder when 351390 is divided by 351368?
22
What is the remainder when 943242 is divided by 143?
14
Calculate the remainder when 476152 is divided by 43286.
6
Calculate the remainder when 2112772 is divided by 6253.
5511
Calculate the remainder when 6553443 is divided by 1479.
1473
What is the remainder when 5956 is divided by 971?
130
What is the remainder when 104091 is divided by 4242?
2283
Calculate the remainder when 445940 is divided by 2684.
396
Calculate the remainder when 224872353 is divided by 112436172.
9
What is the remainder when 2787996 is divided by 544?
540
Calculate the remainder when 4604 is divided by 1088.
252
What is the remainder when 22541560 is divided by 19?
17
What is the remainder when 75056 is divided by 927?
896
Calculate the remainder when 1066272 is divided by 212466.
3942
What is the remainder when 40431 is divided by 3113?
3075
Calculate the remainder when 342451 is divided by 6175.
2826
Calculate the remainder when 3617099 is divided by 116.
103
Calculate the remainder when 74080 is divided by 37033.
14
What is the remainder when 19162273 is divi